 to base 16
2f64
What is 95b (base 13) in base 5?
22342
Convert -133 (base 7) to base 5.
-243
Convert -1411 (base 10) to base 7.
-4054
-a3 (base 16) to base 8
-243
Convert 22405 (base 6) to base 8.
6145
Convert 155 (base 14) to base 6.
1131
What is 2009 (base 14) in base 8?
12571
3355 (base 6) to base 5
11131
Convert -2332 (base 5) to base 10.
-342
Convert -1d68 (base 15) to base 16.
-18fe
What is -cc (base 15) in base 3?
-21010
What is -2443000 (base 5) in base 10?
-46625
11101101001 (base 2) to base 7
5350
What is 4262 (base 8) in base 14?
b50
Convert -10000 (base 8) to base 12.
-2454
What is 8 (base 10) in base 2?
1000
-30322 (base 4) to base 7
-2260
What is 100230 (base 4) in base 11?
891
654 (base 7) to base 15
173
-106644 (base 7) to base 13
-8973
What is -20114 (base 7) in base 3?
-20200002
7257 (base 8) to base 9
5136
Convert 1743 (base 11) to base 14.
b4d
What is -164 (base 16) in base 8?
-544
Convert 1a4 (base 14) to base 12.
244
Convert -123101 (base 4) to base 8.
-3321
Convert 41213 (base 5) to base 16.
a7b
Convert b472 (base 13) to base 4.
12011220
Convert -289 (base 14) to base 5.
-4023
What is 47ce (base 15) in base 14?
57c9
-1015 (base 11) to base 12
-943
What is -2885 (base 16) in base 4?
-2202011
-110201212 (base 4) to base 16
-14866
Convert 1255 (base 6) to base 14.
191
209a (base 16) to base 8
20232
Convert -2031221 (base 4) to base 9.
-13382
What is 2367 (base 9) in base 5?
24022
6 (base 11) to base 7
6
2443 (base 6) to base 2
1001011011
-1433 (base 9) to base 10
-1083
1001100 (base 3) to base 11
636
What is -33a (base 11) in base 6?
-1514
Convert 1052 (base 6) to base 11.
206
What is 111101010 (base 2) in base 3?
200011
What is 5a4 (base 15) in base 7?
3505
What is -46 (base 13) in base 7?
-112
What is -2a6 (base 12) in base 14?
-218
-5740 (base 9) to base 15
-13d3
-221 (base 9) to base 10
-181
-2163 (base 7) to base 8
-1414
Convert 1274 (base 13) to base 16.
a46
What is -3a49 (base 12) in base 4?
-1220121
What is -101b1 (base 12) in base 11?
-14873
Convert 1621 (base 10) to base 8.
3125
Convert -dc2 (base 16) to base 6.
-24150
-34038 (base 11) to base 13
-19585
What is -20002 (base 3) in base 2?
-10100100
What is 2021 (base 6) in base 4?
12331
What is -332255 (base 6) in base 3?
-1102001222
-223200 (base 4) to base 8
-5340
341431 (base 5) to base 8
27524
Convert 113130 (base 4) to base 13.
8b5
-b3a6 (base 14) to base 2
-111100011000110
What is 4254 (base 7) in base 8?
2745
-4373 (base 10) to base 13
-1cb5
Convert -1333122 (base 4) to base 15.
-2639
Convert 1122122 (base 3) to base 15.
555
What is -1211 (base 3) in base 16?
-31
What is -122123 (base 4) in base 9?
-2278
What is 3ab3 (base 16) in base 15?
46bc
-273a (base 15) to base 3
-102111101
Convert -106221 (base 8) to base 4.
-20302101
What is 162651 (base 7) in base 16?
7de5
-10110100001 (base 2) to base 12
-a01
What is 84a (base 13) in base 2?
10110000110
-644 (base 9) to base 14
-298
Convert 1085 (base 11) to base 4.
112100
What is -295 (base 10) in base 6?
-1211
-211 (base 8) to base 12
-b5
What is -211243 (base 5) in base 12?
-4115
2319 (base 12) to base 7
14253
1130 (base 8) to base 13
372
What is 745a (base 13) in base 12?
9402
Convert 842 (base 11) to base 8.
1766
Convert 504 (base 10) to base 7.
1320
Convert -20002111 (base 3) to base 9.
-6074
What is -204302 (base 5) in base 11?
-5147
Convert -100011101111 (base 2) to base 12.
-13a7
What is 1435 (base 7) in base 16?
235
What is 1111101010110 (base 2) in base 14?
2cd0
-2b53 (base 13) to base 10
-6321
-70650 (base 8) to base 16
-71a8
What is -120021221 (base 3) in base 16?
-2b8d
-122010 (base 3) to base 16
-1ce
Convert 3420 (base 8) to base 7.
5162
Convert 1232 (base 6) to base 8.
464
What is 225 (base 11) in base 15?
12e
What is 5754 (base 8) in base 4?
233230
What is -1003103 (base 4) in base 15?
-1422
What is -3203 (base 11) in base 7?
-15233
Convert 231 (base 16) to base 12.
3a9
What is -1066 (base 8) in base 13?
-347
Convert 365 (base 8) to base 14.
137
What is -17eee (base 15) in base 16?
-12f38
b89 (base 12) to base 11
12a6
What is -706 (base 12) in base 15?
-479
Convert -1350031 (base 6) to base 14.
-1dc31
2667 (base 10) to base 8
5153
What is 35612 (base 8) in base 16?
3b8a
What is 2a2b (base 14) in base 5?
214422
1560 (base 7) to base 14
330
What is -2703 (base 8) in base 2?
-10111000011
Convert -3822 (base 15) to base 11.
-8a90
1883 (base 9) to base 15
66c
What is -30 (base 9) in base 2?
-11011
10415 (base 7) to base 10
2609
What is -35343 (base 7) in base 14?
-345a
-324 (base 7) to base 14
-bb
What is 239 (base 13) in base 6?
1442
Convert -1101011 (base 2) to base 13.
-83
Convert 9f (base 16) to base 3.
12220
What is 120460 (base 8) in base 4?
22010300
33d (base 14) to base 8
1203
Convert 2255 (base 15) to base 9.
10878
203 (base 12) to base 5
2131
Convert 105554 (base 6) to base 14.
343c
Convert 12122111 (base 3) to base 14.
1701
What is 5d (base 14) in base 2?
1010011
-3142 (base 5) to base 15
-1d2
What is -38308 (base 10) in base 11?
-26866
Convert 57b0 (base 13) to base 9.
17788
-220222021 (base 3) to base 16
-471d
Convert 411 (base 14) to base 4.
30133
5a (base 16) to base 4
1122
-3404 (base 12) to base 3
-21220111
1582 (base 10) to base 2
11000101110
What is 1001001010001 (base 2) in base 10?
4689
Convert -11010001001 (base 2) to base 3.
-2021222
332 (base 8) to base 13
13a
What is -540 (base 8) in base 6?
-1344
What is 200020012 (base 3) in base 15?
3e0e
Convert 67185 (base 10) to base 11.
46528
Convert 523 (base 8) to base 5.
2324
Convert -134242 (base 6) to base 5.
-401001
What is 263 (base 8) in base 7?
344
What is 2200012 (base 3) in base 2?
11110011101
Convert -1150 (base 6) to base 15.
-13c
Convert -1100 (base 9) to base 10.
-810
22a1 (base 16) to base 8
21241
-11001101010001 (base 2) to base 3
-200000120
3256 (base 7) to base 5
14133
Convert -21011222 (base 3) to base 11.
-3a31
1300200 (base 4) to base 14
28a4
Convert 113 (base 10) to base 4.
1301
Convert -14a42 (base 14) to base 7.
-302612
110332 (base 4) to base 13
7c3
What is 11458 (base 10) in base 13?
52a5
What is 761 (base 14) in base 16?
5b1
What is -11859 (base 16) in base 8?
-214131
Convert -400 (base 9) to base 16.
-144
50656 (base 7) to base 6
133044
What is -11303321 (base 4) in base 15?
-70bb
-11010011110111 (base 2) to base 16
-34f7
7513 (base 9) to base 7
22044
-3150 (base 6) to base 15
-329
What is 2421 (base 5) in base 11?
2a9
What is -5c8 (base 14) in base 4?
-102010
Convert -4037 (base 8) to base 3.
-2212000
What is 46c4 (base 13) in base 7?
41021
What is 466 (base 13) in base 15?
35a
Convert 347d (base 14) to base 8.
21647
Convert 5a23 (base 16) to base 9.
34578
What is -b15a (base 13) in base 5?
-1240121
-202531 (base 6) to base 7
-65116
Convert -143506 (base 7) to base 6.
-332111
Convert 78a (base 11) to base 16.
3b1
-b (base 12) to base 7
-14
Convert 31721 (base 9) to base 3.
1001210201
-9aa (base 11) to base 6
-5333
Convert 7361 (base 10) to base 13.
3473
What is -311 (base 7) in base 13?
-bc
What is 10100011100000 (base 2) in base 10?
10464
-4363 (base 7) to base 9
-2127
Convert 22642 (base 11) to base 4.
13333030
-230032 (base 8) to base 2
-10011000000011010
What is -32 (base 7) in base 6?
-35
-a12 (base 14) to base 13
-b90
2336 (base 9) to base 7
5025
35637 (base 9) to base 11
16a10
What is -100111001001001 (base 2) in base 15?
-5e11
What is -41603 (base 10) in base 4?
-22022003
Convert -def (base 16) to base 8.
-6757
Convert -111312 (base 5) to base 16.
-f75
-12534 (base 7) to base 13
-16b3
111220021 (base 3) to base 14
399a
Convert -32565 (base 7) to base 3.
-102020000
12220 (base 5) to base 14
4ab
7120 (base 11) to base 13
43c9
What is -1035 (base 6) in base 10?
-239
What is 27917 (base 13) in base 5?
4332132
Convert -465 (base 8) to base 13.
-1aa
What is 2824 (base 11) in base 2?
111001001000
What is 1e2 (base 15) in base 8?
665
Convert 395 (base 12) to base 10.
545
Convert 5435 (base 8) to base 3.
10220101
-1b84 (base 13) to base 12
-24b0
Convert -5634 (base 11) to base 15.
-22e8
What is 167 (base 10) in base 5?
1132
What is -2771 (base 8) in base 13?
-908
Convert -203203 (base 4) to base 8.
-4343
Convert -6d3 (base 15) to base 2.
-11000001100
5425 (base 7) to base 15
88a
-3666 (base 8) to base 12
